et q = 4 + -3. What is the greatest common divisor of 3 and q?
1
Suppose -j = a - 7, 0*a + 5*a + 13 = 3*j. Calculate the greatest common factor of 18 and j.
6
Let h(d) = -4*d + 72. Let n be h(9). Calculate the highest common factor of n and 48.
12
Let o(y) = -y - 2. Let t be o(-15). Calculate the highest common divisor of t and 13.
13
Let d(q) = q**3 + 13*q**2 - q + 5. Let o be d(-13). Calculate the highest common factor of 198 and o.
18
Let u = 24 - -6. Let b be 86/5 + (-6)/u. Let a = 427 + -240. What is the greatest common factor of a and b?
17
Let p(u) = 14*u**2 + 2*u + 1. Let x be p(-1). Calculate the highest common divisor of 117 and x.
13
Suppose 0 = -d - 2*d. Suppose 5*g - 15 = 5*u, -5*u + 5 = -g - 0*u. Suppose -2*f + 151 = -g*x + 540, -3*f - 6 = d. What is the highest common factor of x and 11?
11
Suppose 3*p = 4*m + 43, -2*p + 4*m - 8 = -34. What is the greatest common factor of 85 and p?
17
Suppose -5*t + 4*r + 55 = 0, 41 + 2 = 4*t - 3*r. Suppose -39 = -2*o + t. What is the greatest common factor of 207 and o?
23
Let p(q) = 7*q**3 + q**2 - q + 1. Let l be p(1). Calculate the greatest common divisor of l and 12.
4
Let c(w) = w**3 + 7*w**2 + 7*w - 1. Let d = 6 - 11. Let o be c(d). Calculate the greatest common divisor of 56 and o.
14
Let s(a) = -6*a + 26. Let f(u) = 7*u - 26. Let t(l) = 5*f(l) + 6*s(l). Let v be t(14). Calculate the greatest common divisor of 48 and v.
12
Let z(l) = -104*l. Suppose -2*u = 5*f + 18, 4*u - u + 14 = -f. Let r be z(f). Calculate the highest common divisor of r and 26.
26
Suppose 0 = 4*a + 15 + 25. Let x be (-4)/a - 56/(-10). What is the highest common factor of 42 and x?
6
Let c be 39/65*10/2 - -57. What is the greatest common factor of 15 and c?
15
Let a = -2 - 0. Let q be -15*(-6 - a - -3). Calculate the greatest common divisor of q and 10.
5
Let n = 681 + -471. Suppose 5*o - 2*a - n = -0*a, -4*a = 2*o - 84. Suppose -4*z + o = -118. What is the highest common divisor of z and 10?
10
Let w be (16 + -2)/(-1 + 3). Let t(z) = 29*z - 3. Let m be t(w). Calculate the highest common divisor of 20 and m.
20
Suppose x - 264 = -2*x. Let u(k) = k**2 + 4*k - 4. Let b be u(-6). What is the highest common divisor of x and b?
8
Let v = -37 + 57. Calculate the greatest common factor of 160 and v.
20
Let x be (-54)/((-6)/(-3))*-1. Calculate the highest common divisor of x and 3.
3
Suppose 0 = t + f - 8, 3*t - 56 = 5*f - 0*f. Suppose 8*r = -42 + 522. What is the greatest common divisor of t and r?
12
Let s be (-2)/(2/1) - -25. Let x(p) = 12*p**3 - p - 1. Let k be x(-1). Let l = k - -24. What is the highest common divisor of s and l?
12
Let z be 0*2*2/4. Let f(r) = -r**3 + r**2 + r + 6. Let v be f(z). Calculate the greatest common divisor of v and 9.
3
Let a = 32 - 17. Calculate the greatest common divisor of 105 and a.
15
Let x be (12/10)/((-2)/(-20)). Suppose v - 3*v = -x. Let o(y) = -y + 66. Let d be o(0). Calculate the highest common divisor of d and v.
6
Suppose 0 = 4*i + 16, -4*r - 1 = -2*i - 25. Suppose -f - r*x - 6 = -4*f, -f - 9 = -5*x. Calculate the greatest common factor of 12 and f.
6
Suppose 0 = 4*r - 0*r - 28. Let t(a) = 4*a - 8. Let q be t(r). What is the highest common divisor of 5 and q?
5
Suppose -c + 1 = -5. What is the greatest common factor of c and 3?
3
Let r = 3 - -1. Suppose 3*o - 111 = -r*p, o + 9 = -2*o. Suppose 4*w = 4*g + 188, 5*g - 76 - 4 = -2*w. What is the greatest common factor of p and w?
15
Let t(p) = -p + 12. Let c be t(6). Suppose l = c*l - 10. Let v(n) = -n - 3. Let m be v(-5). What is the highest common divisor of m and l?
2
Let q be ((-36)/21)/(7/(-98)). Calculate the greatest common factor of q and 36.
12
Suppose r + a - 5 = 5*a, r + 4*a - 13 = 0. Suppose r*w - 4*w - 210 = 0. What is the highest common divisor of w and 28?
14
Let b(a) = a**3 + 5*a**2 + a + 1. Let k be b(-5). Let i = 20 - k. Calculate the greatest common factor of 6 and i.
6
Suppose -3*v = -2*s - 0*v, 2*s - 2 = 2*v. Suppose -t + 4 = -4*w + s, 2 = 2*t. Suppose w = 2*j - 5*j + 15. Calculate the greatest common factor of j and 5.
5
Let l be (-3)/7 - (-2340)/70. Calculate the greatest common factor of l and 99.
33
Suppose -4*o + 35 = -z, 2*o + o + z = 35. Suppose 0 = 3*f + 3*x + 55 - 280, 3*f = 5*x + 265. Calculate the greatest common divisor of f and o.
10
Let c = -17 - -38. Calculate the highest common divisor of c and 84.
21
Suppose -w = -0*w + 1. Let o = -111 - 36. Let p be 1/(o/150 - w). Calculate the greatest common factor of p and 20.
10
Suppose -2*j + 3*r - 3 = -1, 0 = -j + r - 3. Let t = -6 - j. Calculate the highest common divisor of 4 and t.
1
Let k be (2*(-3)/6)/(-1). Let t = -1 - -7. Let j = t + 1. Calculate the highest common factor of k and j.
1
Let g be ((-2)/4)/(1/(-2390)). Suppose -q - 4*q - g = 0. Let l = q - -343. Calculate the greatest common divisor of l and 13.
13
Suppose -5*l - 2*f + 188 = -2*l, 3*l + 4*f - 184 = 0. Calculate the greatest common factor of 8 and l.
8
Let f = -5 - -8. Let c(x) = 0 + 3 - 5*x + f*x. Let j be c(-4). What is the greatest common factor of 22 and j?
11
Let k = -14 - -8. Let g be (3 + -7)/(k/9). Let m = -3 + g. What is the highest common factor of m and 3?
3
Suppose 68 + 92 = 5*f. What is the highest common divisor of 32 and f?
32
Let m(p) = p**2 + 1. Let u be m(13). Suppose k - 3*k = -u. Calculate the greatest common divisor of k and 17.
17
Let x be (-1 + 1)/(10/10). Suppose r + j = -x*j + 57, 258 = 4*r - 2*j. What is the highest common divisor of 155 and r?
31
Let z = 38 - 66. Suppose 5*b + 71 = -3*q, 2*q - 2*b + 25 + 1 = 0. Let k = q - z. Calculate the highest common divisor of 22 and k.
11
Suppose -12 = 4*t, 5*o = 3*o + 5*t + 367. Suppose -2*l + 20 = -4*b, -5*l + 67 = -4*b - 1. Calculate the greatest common factor of o and l.
16
Let r(w) = -w**2 + 13*w - 4. Let o be r(5). Calculate the highest common divisor of 12 and o.
12
Suppose 0 = t - 2 + 1. Suppose q + 1 = -n, 0 = -q - 0*q - 2. Calculate the greatest common factor of t and n.
1
Suppose 5*x - 20 = 0, 2*n - x = -0*x + 22. Let c be 9/(-3) + 5 - -11. Let i be (-2 + 6/2)*c. What is the highest common factor of i and n?
13
Let u = 5 - -2. Let g = u - 2. Suppose -g*a + b + 77 = -2*b, -33 = -2*a - b. Calculate the greatest common factor of a and 48.
16
Suppose 5*i + 3669 = -2*g, -5*g = i - 2*g + 739. Let w be i/(-7) - (-4)/14. Calculate the highest common factor of 42 and w.
21
Suppose -81 = -5*g - 3*k, -5*k = 6*g - 5*g - 3. Let w be (-46)/(-12) - 10/(-60). Suppose -j + 86 + w = 0. Calculate the highest common factor of j and g.
18
Let s be 1 - 15/20 - 70/(-8). What is the greatest common factor of 24 and s?
3
Let v be 6*(-1)/10*-45. What is the highest common factor of 9 and v?
9
Let h be 1*(10 + (4 - 1)). Let l be h/6 + (-2)/12. Calculate the highest common divisor of l and 18.
2
Let n(v) = -3*v + 10. Let h = 3 - -4. Let g be n(h). Let x = g + 20. What is the highest common factor of 99 and x?
9
Let f = -85 - -165. Calculate the highest common factor of 32 and f.
16
Let r(m) = -7*m - 35. Let v be r(-9). Calculate the highest common factor of v and 70.
14
Let n be 22 - (2 + 0/(-3)). Let r(a) = -6*a + 4. Let l be r(-3). Suppose -b - 3*b - l = -3*q, 0 = 4*q - 3*b - n. What is the highest common factor of q and 1?
1
Suppose i + i - 3*r = -23, 27 = -3*i + 2*r. Let h = -2 - i. Let t be (27/(-6))/(1/(-10)). What is the greatest common factor of t and h?
5
Let t = 27 + -15. Suppose -6*u - t = -4*u. Let c be (-3)/u*13*10. What is the greatest common divisor of c and 13?
13
Suppose -2*p + 6 = d, -6*d - 5*p = -d - 40. Calculate the greatest common factor of 70 and d.
10
Let u = 10 - 8. Suppose 5*g - 2*t - 120 = 0, u*t + 42 = g - 2*t. What is the highest common factor of g and 11?
11
Suppose -2*o + 22 = 5*x, 9*x - 4*x - 18 = 2*o. Calculate the greatest common divisor of 11 and o.
1
Let d(q) = 3*q + 36. Let j be d(-7). What is the highest common divisor of j and 60?
15
Let o(n) = -n**2 - 7*n - 4. Let b be o(-6). Suppose 4*v + 34 = 14, 11 = w + b*v. Let h be (-16)/(-6) + 3/9. What is the greatest common divisor of h and w?
3
Let b(l) = -l + 5. Let k be b(-4). Let w be ((-4 + -14)/2)/(-1). What is the greatest common divisor of k and w?
9
Suppose -2*h + 27 = 5*d, 3*d - 2 = 3*h + 10. What is the highest common divisor of d and 5?
5